{"id":37,"date":"2017-12-28T14:42:13","date_gmt":"2017-12-28T14:42:13","guid":{"rendered":"http:\/\/musikverein-albtal.de\/?page_id=37"},"modified":"2021-12-07T17:47:46","modified_gmt":"2021-12-07T17:47:46","slug":"geschichte","status":"publish","type":"page","link":"https:\/\/musikverein-albtal.de\/?page_id=37","title":{"rendered":"Geschichte"},"content":{"rendered":"<p>Wenn wir heute auf die im Jahre 1962 anl\u00e4\u00dflich des damals gefeierten 100-j\u00e4hrigen Jubil\u00e4ums des Musikvereins Albtal erschienene Festschrift zur\u00fcckgreifen, finden wir dort die Aussage des zuletzt in St\u00fchlingen lebenden, inzwischen verstorbenen Heimatschriftstellers Hans Matt-Willmatt, dass im Gebiet des einstigen Klosters St. Blasien ein recht musikfreudiges Volk lebte. Von Generation zu Generation hat sich die Liebe zur Musik, insbesondere zur Blasmusik, in Guten wie in schlechten Zeiten erhalten. Mit dieser Aussage hatte Hans Matt-Willmatt sicher recht und sie trifft auch f\u00fcr den Musikverein Albtal zu. In Not- und Krisenzeiten wurde es oft auf Jahre hinaus still um die \u00f6rtlichen Musikkameradschaften; aber immer wieder fanden sich Idealisten, um Musik, Gesang und Geselligkeit zur Freude Aller wieder lebendig werden zu lassen.<\/p>\n<p class=\"caption\" align=\"justify\">Diese Vergangenheit hat auch der Musikverein Albtal, in dem sich Musiker von Immeneich, Niederm\u00fchle, Schlageten, Ballenberg und Kutterau vereinigten. Ein Musikverein und ein M\u00e4nnerquartett werden hier bereits vor 125 Jahren bei einer Feier in St. Blasien, erw\u00e4hnt. Dachsberg- und Albtalmusiker kamen damals oft zum kameradschaftlichem Musizieren zusammen. Erw\u00e4hnung findet der Muskverein auch im Albboten aus dem Jahr 1861 und 1862 als man den Gro\u00dferzog in Immeneich musikalisch begr\u00fc\u00dfte.<\/p>\n<p align=\"justify\">Die heute noch vorliegenden Protokollb\u00fccher bezeugen, da\u00df nach dem 1. Weltkrieg im Jahre 1924 der Musikbetrieb bzw. der Musikverein neu aufgefrischt wurde. Junge Bl\u00e4ser sind ausgebildet worden, regelm\u00e4\u00dfg wurden Proben durchgef\u00fchrt, Veranstaltungen besucht und die ersten Statuten sind errichtet worden. Johann Ebner von Niederm\u00fchle, genannt &#8222;Murrer Johann&#8220;, Ehrenvorstand Karl B\u00f6hler von Schlageten und der Fischer und J\u00e4ger Leopold Ebner auch Immeneich stellten sich f\u00f6dernd an die Spitze des Vereins. Der damalige Verein bestand aus weiteren zehn Mitgliedern. Im Mai 1927 wechselte das Dirigentenamt, Nachfolger vom &#8222;Murrer Johann&#8220; wurde Karl B\u00f6hler, der dieses Amt bis ins Jahr 1932 inne hatte. In diesem Jahr griff der junge Emil Hofmeier zum Dirigentenstab, nachdem er bereits seit 1926 dem Verein angeh\u00f6rte und einen Dirigentenkurs besucht hatte. Welch ein Gl\u00fccksgriff der Verein mit der Wahl von Emil Hofmeier zum Dirigenten getan hatte, beweist die Tatsache, da\u00df er diese Amt bis in den September 1971 aus\u00fcbte.<\/p>\n<p class=\"caption\" align=\"justify\">Es entwickelte sich ein recht reges Vereinsleben, wie auch schon die Jahre zuvor. So k\u00f6nnen wir zum Beispiel 1927 nachlesen:\u00a0 &#8222;Ausser den Anl\u00e4ssen, bei denen der Musikverein aktiv mitwirkte, hielt er noch 62 Proben ab.&#8220;<\/p>\n<p class=\"caption\" align=\"justify\">Im Jahr 1928 gab es unter anderem Auftritte in Ballenberg und Luchle, man sprach von &#8222;Ausfl\u00fcgen&#8220;<\/p>\n<p class=\"caption\" align=\"justify\">.<img data-recalc-dims=\"1\" loading=\"lazy\" decoding=\"async\" data-attachment-id=\"371\" data-permalink=\"https:\/\/musikverein-albtal.de\/?attachment_id=371\" data-orig-file=\"https:\/\/i0.wp.com\/musikverein-albtal.de\/wp-content\/uploads\/2021\/06\/Postkarte-1.jpg?fit=400%2C273&amp;ssl=1\" data-orig-size=\"400,273\" data-comments-opened=\"1\" data-image-meta=\"{&quot;aperture&quot;:&quot;0&quot;,&quot;credit&quot;:&quot;&quot;,&quot;camera&quot;:&quot;&quot;,&quot;caption&quot;:&quot;&quot;,&quot;created_timestamp&quot;:&quot;0&quot;,&quot;copyright&quot;:&quot;&quot;,&quot;focal_length&quot;:&quot;0&quot;,&quot;iso&quot;:&quot;0&quot;,&quot;shutter_speed&quot;:&quot;0&quot;,&quot;title&quot;:&quot;&quot;,&quot;orientation&quot;:&quot;0&quot;}\" data-image-title=\"Postkarte-1\" data-image-description=\"\" data-image-caption=\"\" data-large-file=\"https:\/\/i0.wp.com\/musikverein-albtal.de\/wp-content\/uploads\/2021\/06\/Postkarte-1.jpg?fit=400%2C273&amp;ssl=1\" class=\"alignnone size-medium wp-image-371\" src=\"https:\/\/i0.wp.com\/musikverein-albtal.de\/wp-content\/uploads\/2021\/06\/Postkarte-1.jpg?resize=300%2C205\" alt=\"\" width=\"300\" height=\"205\" srcset=\"https:\/\/i0.wp.com\/musikverein-albtal.de\/wp-content\/uploads\/2021\/06\/Postkarte-1.jpg?resize=300%2C205&amp;ssl=1 300w, https:\/\/i0.wp.com\/musikverein-albtal.de\/wp-content\/uploads\/2021\/06\/Postkarte-1.jpg?w=400&amp;ssl=1 400w\" sizes=\"auto, (max-width: 300px) 100vw, 300px\" \/><\/p>\n<p class=\"caption\" align=\"justify\">Ein tats\u00e4chlich gro\u00dfer Ausflug stand im selben Jahr am 15. August auf dem Programm. Morgens um 5 Uhr versammelte man sich in Immeneich um mit dem H\u00f6henwagen des Herrn Karl H\u00f6fler aus Bannholz den Vereinsausflug durchzuf\u00fchren. Die Reise ging nach Singen, wo man die ber\u00fchmten Maggi-Werke besichtigte, nach Schaffhausen und schlie\u00dflich nach Friedrichshafen um das neue Luftschiff &#8222;Graf Zeppelin&#8220; zu bestaunen und zu bewundern, wie der Protokollf\u00fchrer niederschrieb.<\/p>\n<p class=\"caption\" align=\"justify\">Das Protokollbuch endet im Oktober 1934. Ab 1936 gibt es Aufzeichnungen bis ins Jahr 1937, danach wieder 1941. Damals gab es mit Vorstand Karl B\u00f6hler einen Neuanfang mit einer &#8222;Knabenmusik&#8220;. Ein Jahr sp\u00e4ter musste auch von diesen Jungen der gr\u00f6\u00dfte Teil zum Heeresdienst einr\u00fccken, ist niedergeschrieben.<\/p>\n<p class=\"caption\" align=\"justify\">Am 12. April 1947 wurde die Musikarbeit wieder aufgenommen. Drei &#8222;Alte&#8220; und acht Anf\u00e4nger begannen wieder zu musizieren und regelm\u00e4\u00dfg Proben abzuhalten. Der Verein bestand wieder aus 15 bis 20 Musikern, Veranstaltungen wurden besucht und immer mehr gab es wieder gesellige Anl\u00e4sse aufgrund derer dann im Protokoll zu lesen steht &#8222;prima Aufnahme&#8220; oder &#8222;feine Bewirtung&#8220;.<\/p>\n<p class=\"caption\" align=\"justify\">Ab dem Jahr 1950 pflegte der Verein neben dem Musizieren auch das Theaterspiel ca. 10 Jahre lang und hatte viel Erfolg mit den Auff\u00fchrungen.<\/p>\n<p class=\"caption\" align=\"justify\">Ein erstes mal stellte man sich Wertungsrichtern im Jahr 1959 bei einer Marschmusikbewertung in H\u00f6henschwand. &#8222;Mit sauber geputzten Instrumenten und nagelneuen Uniformen traten wir gegen 13:00 Uhr zur Marschmusikbewertung an. Wir spielten den Marsch 21: &#8222;Es wollt ein M\u00e4del fr\u00fch aufsten. Wir bekamen die Note sehr gut bis vorz\u00fcglich&#8220;. Dieser Protokollabschnitt weist auf den gro\u00dfen Erfolg hin, der damals nat\u00fcrlich noch ausgiebig gefeiert wurde.<\/p>\n<p class=\"caption\" align=\"justify\">Im Jahre 1962 wurde im Rahmen des Bezirksmusikfestes das 100-j\u00e4hrige Jubil\u00e4um gefeiert. 1965 wurde im Rahmen des Bezirksmusikfestes das 100-j\u00e4hrige Jubil\u00e4um gefeiert. 1965 erhielt der Verein erstmals Teile einer Trachtenkleidung, n\u00e4mlich H\u00fcte und Westen. Kniebundhosen, Str\u00fcmpfe, Schuhe und Trachtenjacken wurden zwei Jahre sp\u00e4ter angeschafft. Im Jahr 1965 weilte erstmals der Musikverein Dielheim im Albtal und ein Jahr sp\u00e4ter machten die Albt\u00e4er ihren ersten Besuch in Dielheim. Am 1. Februar 1969 wurde Dieter Stark zum ersten Vorstand gew\u00e4hlt. Dieses Amt hat bis heute inne. Im Jahr 1969 wurde Emil Hofmeier aufgrund seiner au\u00dferordentlichen Verdienste um den Verein zum Ehrendirigenten ernannt. Es begann die Ausbildung von 20 Jungmusikern. Im April 1971 war \u00dcbergabe des Dirigentenstabes an Walter Kaiser. Ab diesem Jahr wurden regelm\u00e4\u00dfig die j\u00e4hrlichen Weihnachtskonzerte durchgef\u00fchrt. Ein au\u00dfergew\u00f6hnlicher Farbtupfer in der Vereinsgeschichte war die Verleihung der &#8222;Pro Musica-Plakette&#8220; im Juli 1973. Diese Plakette wurde vom damaligen Bundespr\u00e4siden Gustav Heinemann ins Leben gerufen und gilt als Auszeichnung f\u00fcr die in langj\u00e4hrigem Wirken erworbenen Verdienste um die Pflege des instrumentalen Musizierens und damit um die F\u00f6rderung des kulturellen Lebens. 1974 beteiligte sich e der Verein am Wertungsspiel in S\u00e4ckingen, spielte erstmals in der Mittelstufe und wurde mit einem 1. Rang ausgezeichnet. 1974 wurde erstmals der Musikverein Buch\/Hunsr\u00fcck besucht.<\/p>\n<p class=\"caption\" align=\"justify\"><img data-recalc-dims=\"1\" loading=\"lazy\" decoding=\"async\" data-attachment-id=\"375\" data-permalink=\"https:\/\/musikverein-albtal.de\/?attachment_id=375\" data-orig-file=\"https:\/\/i0.wp.com\/musikverein-albtal.de\/wp-content\/uploads\/2021\/06\/Schlageten-dorf-1914.jpg?fit=704%2C453&amp;ssl=1\" data-orig-size=\"704,453\" data-comments-opened=\"1\" data-image-meta=\"{&quot;aperture&quot;:&quot;0&quot;,&quot;credit&quot;:&quot;&quot;,&quot;camera&quot;:&quot;&quot;,&quot;caption&quot;:&quot;&quot;,&quot;created_timestamp&quot;:&quot;0&quot;,&quot;copyright&quot;:&quot;&quot;,&quot;focal_length&quot;:&quot;0&quot;,&quot;iso&quot;:&quot;0&quot;,&quot;shutter_speed&quot;:&quot;0&quot;,&quot;title&quot;:&quot;&quot;,&quot;orientation&quot;:&quot;0&quot;}\" data-image-title=\"Schlageten dorf 1914\" data-image-description=\"\" data-image-caption=\"\" data-large-file=\"https:\/\/i0.wp.com\/musikverein-albtal.de\/wp-content\/uploads\/2021\/06\/Schlageten-dorf-1914.jpg?fit=525%2C338&amp;ssl=1\" class=\"alignnone size-medium wp-image-375\" src=\"https:\/\/i0.wp.com\/musikverein-albtal.de\/wp-content\/uploads\/2021\/06\/Schlageten-dorf-1914.jpg?resize=300%2C193\" alt=\"\" width=\"300\" height=\"193\" srcset=\"https:\/\/i0.wp.com\/musikverein-albtal.de\/wp-content\/uploads\/2021\/06\/Schlageten-dorf-1914.jpg?resize=300%2C193&amp;ssl=1 300w, https:\/\/i0.wp.com\/musikverein-albtal.de\/wp-content\/uploads\/2021\/06\/Schlageten-dorf-1914.jpg?w=704&amp;ssl=1 704w\" sizes=\"auto, (max-width: 300px) 100vw, 300px\" \/><br \/>\nNicht unerw\u00e4hnt bleiben darf die Einweihung der Albtalhalle im Jahre 1975. Am Ausbau der Hallte beteiligten sich die Albt\u00e4ler Vereine &#8211; darunter nat\u00fcrlich auch der Musikverein &#8211; ma\u00dfgeblich. 1978 wurde der Musikverein Albtal ins Vereinsregister eingetragen.<\/p>\n<p class=\"caption\" align=\"justify\">1979 stellte man sich den Kritikern anl\u00e4\u00dflich des Verbandsmusikfestes in Wehr. Bei Kurkonzerten, Kirchenfesten, Unterhaltungs- und Tanzabenden, Fastnachtsveranstaltungen und zuletzt beim j\u00e4hrlichen Bernhadsfest zeigt der Verein sein K\u00f6nnen, wobei der gesellige Teil nie zu kurz kam, was zahlreiche Ausfl\u00fcge und Familienfeste belegen. Seit dem Jahr 1969 kann der Verein immer zwischen 30 und 35 aktive Musiker nachweisen.<\/p>\n<p class=\"caption\" align=\"justify\">Zitieren wir zum Schluss noch einmal Hans Matt-Willmatt aus der Festschrift von 1962: &#8222;Das Jubil\u00e4umsfest ist ein Markstein in der Geschichte des Musikvereins Albtal und m\u00f6ge der jungen Generation Ansporn sein, die Pflege der Volksmusik in eine gl\u00fcckliche Zukunft weiter zu tragen.&#8220;<\/p>\n<p class=\"caption\"><em>A. Haffner, D. Stark in der Festschrift zum 125-j\u00e4hrigen Jubil\u00e4um des Vereins 1985<\/em><\/p>\n","protected":false},"excerpt":{"rendered":"<p>Wenn wir heute auf die im Jahre 1962 anl\u00e4\u00dflich des damals gefeierten 100-j\u00e4hrigen Jubil\u00e4ums des Musikvereins Albtal erschienene Festschrift zur\u00fcckgreifen, finden wir dort die Aussage des zuletzt in St\u00fchlingen lebenden, &hellip; <\/p>\n<p class=\"link-more\"><a href=\"https:\/\/musikverein-albtal.de\/?page_id=37\" class=\"more-link\"><span class=\"screen-reader-text\">\u201eGeschichte\u201c<\/span> weiterlesen<\/a><\/p>\n","protected":false},"author":1,"featured_media":0,"parent":2,"menu_order":4,"comment_status":"closed","ping_status":"closed","template":"","meta":{"jetpack_post_was_ever_published":false,"footnotes":""},"class_list":["post-37","page","type-page","status-publish","hentry"],"jetpack_sharing_enabled":true,"jetpack_shortlink":"https:\/\/wp.me\/P9CsQs-B","jetpack_likes_enabled":true,"jetpack-related-posts":[],"_links":{"self":[{"href":"https:\/\/musikverein-albtal.de\/index.php?rest_route=\/wp\/v2\/pages\/37","targetHints":{"allow":["GET"]}}],"collection":[{"href":"https:\/\/musikverein-albtal.de\/index.php?rest_route=\/wp\/v2\/pages"}],"about":[{"href":"https:\/\/musikverein-albtal.de\/index.php?rest_route=\/wp\/v2\/types\/page"}],"author":[{"embeddable":true,"href":"https:\/\/musikverein-albtal.de\/index.php?rest_route=\/wp\/v2\/users\/1"}],"replies":[{"embeddable":true,"href":"https:\/\/musikverein-albtal.de\/index.php?rest_route=%2Fwp%2Fv2%2Fcomments&post=37"}],"version-history":[{"count":4,"href":"https:\/\/musikverein-albtal.de\/index.php?rest_route=\/wp\/v2\/pages\/37\/revisions"}],"predecessor-version":[{"id":442,"href":"https:\/\/musikverein-albtal.de\/index.php?rest_route=\/wp\/v2\/pages\/37\/revisions\/442"}],"up":[{"embeddable":true,"href":"https:\/\/musikverein-albtal.de\/index.php?rest_route=\/wp\/v2\/pages\/2"}],"wp:attachment":[{"href":"https:\/\/musikverein-albtal.de\/index.php?rest_route=%2Fwp%2Fv2%2Fmedia&parent=37"}],"curies":[{"name":"wp","href":"https:\/\/api.w.org\/{rel}","templated":true}]}}

<p>Wenn wir heute auf die im Jahre 1962 anläßlich des damals gefeierten 100-jährigen Jubiläums des Musikvereins Albtal erschienene Festschrift zurückgreifen, finden wir dort die Aussage des zuletzt in Stühlingen lebenden, inzwischen verstorbenen Heimatschriftstellers Hans Matt-Willmatt, dass im Gebiet des einstigen Klosters St. Blasien ein recht musikfreudiges Volk lebte. Von Generation zu Generation hat sich die Liebe zur Musik, insbesondere zur Blasmusik, in Guten wie in schlechten Zeiten erhalten. Mit dieser Aussage hatte Hans Matt-Willmatt sicher recht und sie trifft auch für den Musikverein Albtal zu. In Not- und Krisenzeiten wurde es oft auf Jahre hinaus still um die örtlichen Musikkameradschaften; aber immer wieder fanden sich Idealisten, um Musik, Gesang und Geselligkeit zur Freude Aller wieder lebendig werden zu lassen.</p>
<p class="caption" align="justify">Diese Vergangenheit hat auch der Musikverein Albtal, in dem sich Musiker von Immeneich, Niedermühle, Schlageten, Ballenberg und Kutterau vereinigten. Ein Musikverein und ein Männerquartett werden hier bereits vor 125 Jahren bei einer Feier in St. Blasien, erwähnt. Dachsberg- und Albtalmusiker kamen damals oft zum kameradschaftlichem Musizieren zusammen. Erwähnung findet der Muskverein auch im Albboten aus dem Jahr 1861 und 1862 als man den Großerzog in Immeneich musikalisch begrüßte.</p>
<p align="justify">Die heute noch vorliegenden Protokollbücher bezeugen, daß nach dem 1. Weltkrieg im Jahre 1924 der Musikbetrieb bzw. der Musikverein neu aufgefrischt wurde. Junge Bläser sind ausgebildet worden, regelmäßg wurden Proben durchgeführt, Veranstaltungen besucht und die ersten Statuten sind errichtet worden. Johann Ebner von Niedermühle, genannt &#8222;Murrer Johann&#8220;, Ehrenvorstand Karl Böhler von Schlageten und der Fischer und Jäger Leopold Ebner auch Immeneich stellten sich födernd an die Spitze des Vereins. Der damalige Verein bestand aus weiteren zehn Mitgliedern. Im Mai 1927 wechselte das Dirigentenamt, Nachfolger vom &#8222;Murrer Johann&#8220; wurde Karl Böhler, der dieses Amt bis ins Jahr 1932 inne hatte. In diesem Jahr griff der junge Emil Hofmeier zum Dirigentenstab, nachdem er bereits seit 1926 dem Verein angehörte und einen Dirigentenkurs besucht hatte. Welch ein Glücksgriff der Verein mit der Wahl von Emil Hofmeier zum Dirigenten getan hatte, beweist die Tatsache, daß er diese Amt bis in den September 1971 ausübte.</p>
<p class="caption" align="justify">Es entwickelte sich ein recht reges Vereinsleben, wie auch schon die Jahre zuvor. So können wir zum Beispiel 1927 nachlesen:  &#8222;Ausser den Anlässen, bei denen der Musikverein aktiv mitwirkte, hielt er noch 62 Proben ab.&#8220;</p>
<p class="caption" align="justify">Im Jahr 1928 gab es unter anderem Auftritte in Ballenberg und Luchle, man sprach von &#8222;Ausflügen&#8220;</p>
<p class="caption" align="justify">.<img data-recalc-dims="1" loading="lazy" decoding="async" data-attachment-id="371" data-permalink="https://musikverein-albtal.de/?attachment_id=371" data-orig-file="https://i0.wp.com/musikverein-albtal.de/wp-content/uploads/2021/06/Postkarte-1.jpg?fit=400%2C273&amp;ssl=1" data-orig-size="400,273" data-comments-opened="1" data-image-meta="{&quot;aperture&quot;:&quot;0&quot;,&quot;credit&quot;:&quot;&quot;,&quot;camera&quot;:&quot;&quot;,&quot;caption&quot;:&quot;&quot;,&quot;created_timestamp&quot;:&quot;0&quot;,&quot;copyright&quot;:&quot;&quot;,&quot;focal_length&quot;:&quot;0&quot;,&quot;iso&quot;:&quot;0&quot;,&quot;shutter_speed&quot;:&quot;0&quot;,&quot;title&quot;:&quot;&quot;,&quot;orientation&quot;:&quot;0&quot;}" data-image-title="Postkarte-1" data-image-description="" data-image-caption="" data-large-file="https://i0.wp.com/musikverein-albtal.de/wp-content/uploads/2021/06/Postkarte-1.jpg?fit=400%2C273&amp;ssl=1" class="alignnone size-medium wp-image-371" src="https://i0.wp.com/musikverein-albtal.de/wp-content/uploads/2021/06/Postkarte-1.jpg?resize=300%2C205" alt="" width="300" height="205" srcset="https://i0.wp.com/musikverein-albtal.de/wp-content/uploads/2021/06/Postkarte-1.jpg?resize=300%2C205&amp;ssl=1 300w, https://i0.wp.com/musikverein-albtal.de/wp-content/uploads/2021/06/Postkarte-1.jpg?w=400&amp;ssl=1 400w" sizes="auto, (max-width: 300px) 100vw, 300px" /></p>
<p class="caption" align="justify">Ein tatsächlich großer Ausflug stand im selben Jahr am 15. August auf dem Programm. Morgens um 5 Uhr versammelte man sich in Immeneich um mit dem Höhenwagen des Herrn Karl Höfler aus Bannholz den Vereinsausflug durchzuführen. Die Reise ging nach Singen, wo man die berühmten Maggi-Werke besichtigte, nach Schaffhausen und schließlich nach Friedrichshafen um das neue Luftschiff &#8222;Graf Zeppelin&#8220; zu bestaunen und zu bewundern, wie der Protokollführer niederschrieb.</p>
<p class="caption" align="justify">Das Protokollbuch endet im Oktober 1934. Ab 1936 gibt es Aufzeichnungen bis ins Jahr 1937, danach wieder 1941. Damals gab es mit Vorstand Karl Böhler einen Neuanfang mit einer &#8222;Knabenmusik&#8220;. Ein Jahr später musste auch von diesen Jungen der größte Teil zum Heeresdienst einrücken, ist niedergeschrieben.</p>
<p class="caption" align="justify">Am 12. April 1947 wurde die Musikarbeit wieder aufgenommen. Drei &#8222;Alte&#8220; und acht Anfänger begannen wieder zu musizieren und regelmäßg Proben abzuhalten. Der Verein bestand wieder aus 15 bis 20 Musikern, Veranstaltungen wurden besucht und immer mehr gab es wieder gesellige Anlässe aufgrund derer dann im Protokoll zu lesen steht &#8222;prima Aufnahme&#8220; oder &#8222;feine Bewirtung&#8220;.</p>
<p class="caption" align="justify">Ab dem Jahr 1950 pflegte der Verein neben dem Musizieren auch das Theaterspiel ca. 10 Jahre lang und hatte viel Erfolg mit den Aufführungen.</p>
<p class="caption" align="justify">Ein erstes mal stellte man sich Wertungsrichtern im Jahr 1959 bei einer Marschmusikbewertung in Höhenschwand. &#8222;Mit sauber geputzten Instrumenten und nagelneuen Uniformen traten wir gegen 13:00 Uhr zur Marschmusikbewertung an. Wir spielten den Marsch 21: &#8222;Es wollt ein Mädel früh aufsten. Wir bekamen die Note sehr gut bis vorzüglich&#8220;. Dieser Protokollabschnitt weist auf den großen Erfolg hin, der damals natürlich noch ausgiebig gefeiert wurde.</p>
<p class="caption" align="justify">Im Jahre 1962 wurde im Rahmen des Bezirksmusikfestes das 100-jährige Jubiläum gefeiert. 1965 wurde im Rahmen des Bezirksmusikfestes das 100-jährige Jubiläum gefeiert. 1965 erhielt der Verein erstmals Teile einer Trachtenkleidung, nämlich Hüte und Westen. Kniebundhosen, Strümpfe, Schuhe und Trachtenjacken wurden zwei Jahre später angeschafft. Im Jahr 1965 weilte erstmals der Musikverein Dielheim im Albtal und ein Jahr später machten die Albtäer ihren ersten Besuch in Dielheim. Am 1. Februar 1969 wurde Dieter Stark zum ersten Vorstand gewählt. Dieses Amt hat bis heute inne. Im Jahr 1969 wurde Emil Hofmeier aufgrund seiner außerordentlichen Verdienste um den Verein zum Ehrendirigenten ernannt. Es begann die Ausbildung von 20 Jungmusikern. Im April 1971 war Übergabe des Dirigentenstabes an Walter Kaiser. Ab diesem Jahr wurden regelmäßig die jährlichen Weihnachtskonzerte durchgeführt. Ein außergewöhnlicher Farbtupfer in der Vereinsgeschichte war die Verleihung der &#8222;Pro Musica-Plakette&#8220; im Juli 1973. Diese Plakette wurde vom damaligen Bundespräsiden Gustav Heinemann ins Leben gerufen und gilt als Auszeichnung für die in langjährigem Wirken erworbenen Verdienste um die Pflege des instrumentalen Musizierens und damit um die Förderung des kulturellen Lebens. 1974 beteiligte sich e der Verein am Wertungsspiel in Säckingen, spielte erstmals in der Mittelstufe und wurde mit einem 1. Rang ausgezeichnet. 1974 wurde erstmals der Musikverein Buch/Hunsrück besucht.</p>
<p class="caption" align="justify"><img data-recalc-dims="1" loading="lazy" decoding="async" data-attachment-id="375" data-permalink="https://musikverein-albtal.de/?attachment_id=375" data-orig-file="https://i0.wp.com/musikverein-albtal.de/wp-content/uploads/2021/06/Schlageten-dorf-1914.jpg?fit=704%2C453&amp;ssl=1" data-orig-size="704,453" data-comments-opened="1" data-image-meta="{&quot;aperture&quot;:&quot;0&quot;,&quot;credit&quot;:&quot;&quot;,&quot;camera&quot;:&quot;&quot;,&quot;caption&quot;:&quot;&quot;,&quot;created_timestamp&quot;:&quot;0&quot;,&quot;copyright&quot;:&quot;&quot;,&quot;focal_length&quot;:&quot;0&quot;,&quot;iso&quot;:&quot;0&quot;,&quot;shutter_speed&quot;:&quot;0&quot;,&quot;title&quot;:&quot;&quot;,&quot;orientation&quot;:&quot;0&quot;}" data-image-title="Schlageten dorf 1914" data-image-description="" data-image-caption="" data-large-file="https://i0.wp.com/musikverein-albtal.de/wp-content/uploads/2021/06/Schlageten-dorf-1914.jpg?fit=525%2C338&amp;ssl=1" class="alignnone size-medium wp-image-375" src="https://i0.wp.com/musikverein-albtal.de/wp-content/uploads/2021/06/Schlageten-dorf-1914.jpg?resize=300%2C193" alt="" width="300" height="193" srcset="https://i0.wp.com/musikverein-albtal.de/wp-content/uploads/2021/06/Schlageten-dorf-1914.jpg?resize=300%2C193&amp;ssl=1 300w, https://i0.wp.com/musikverein-albtal.de/wp-content/uploads/2021/06/Schlageten-dorf-1914.jpg?w=704&amp;ssl=1 704w" sizes="auto, (max-width: 300px) 100vw, 300px" /><br />
Nicht unerwähnt bleiben darf die Einweihung der Albtalhalle im Jahre 1975. Am Ausbau der Hallte beteiligten sich die Albtäler Vereine &#8211; darunter natürlich auch der Musikverein &#8211; maßgeblich. 1978 wurde der Musikverein Albtal ins Vereinsregister eingetragen.</p>
<p class="caption" align="justify">1979 stellte man sich den Kritikern anläßlich des Verbandsmusikfestes in Wehr. Bei Kurkonzerten, Kirchenfesten, Unterhaltungs- und Tanzabenden, Fastnachtsveranstaltungen und zuletzt beim jährlichen Bernhadsfest zeigt der Verein sein Können, wobei der gesellige Teil nie zu kurz kam, was zahlreiche Ausflüge und Familienfeste belegen. Seit dem Jahr 1969 kann der Verein immer zwischen 30 und 35 aktive Musiker nachweisen.</p>
<p class="caption" align="justify">Zitieren wir zum Schluss noch einmal Hans Matt-Willmatt aus der Festschrift von 1962: &#8222;Das Jubiläumsfest ist ein Markstein in der Geschichte des Musikvereins Albtal und möge der jungen Generation Ansporn sein, die Pflege der Volksmusik in eine glückliche Zukunft weiter zu tragen.&#8220;</p>
<p class="caption"><em>A. Haffner, D. Stark in der Festschrift zum 125-jährigen Jubiläum des Vereins 1985</em></p>

<p>Wenn wir heute auf die im Jahre 1962 anläßlich des damals gefeierten 100-jährigen Jubiläums des Musikvereins Albtal erschienene Festschrift zurückgreifen, finden wir dort die Aussage des zuletzt in Stühlingen lebenden, &hellip; </p>
<p class="link-more"><a href="https://musikverein-albtal.de/?page_id=37" class="more-link"><span class="screen-reader-text">„Geschichte“</span> weiterlesen</a></p>
